{"id":24,"date":"2012-10-24T10:10:40","date_gmt":"2012-10-24T13:10:40","guid":{"rendered":"http:\/\/antigo.metalurgicafilipin.com.br\/novo\/?page_id=24"},"modified":"2012-12-11T09:00:46","modified_gmt":"2012-12-11T12:00:46","slug":"vigas","status":"publish","type":"page","link":"https:\/\/antigo.metalurgicafilipin.com.br\/?page_id=24","title":{"rendered":"Vigas"},"content":{"rendered":"<p>As vigas s\u00e3o apoiadas em consoles. Essas pe\u00e7as se caracterizam por serem pr\u00e9-fabricadas em regi\u00e3o abaixo da linha inferior da laje, dispensando a necessidade de revestimento.<\/p>\n<p>[singlepic id=12 w=352]<\/p>\n<p>[nggallery id=3]<\/p>\n","protected":false},"excerpt":{"rendered":"<p>As vigas s\u00e3o apoiadas em consoles. Essas pe\u00e7as se caracterizam por serem pr\u00e9-fabricadas em regi\u00e3o abaixo da linha inferior da laje, dispensando a necessidade de revestimento. [singlepic id=12 w=352] [nggallery id=3]<\/p>\n","protected":false},"author":1,"featured_media":0,"parent":0,"menu_order":0,"comment_status":"open","ping_status":"open","template":"","meta":[],"_links":{"self":[{"href":"https:\/\/antigo.metalurgicafilipin.com.br\/index.php?rest_route=\/wp\/v2\/pages\/24"}],"collection":[{"href":"https:\/\/antigo.metalurgicafilipin.com.br\/index.php?rest_route=\/wp\/v2\/pages"}],"about":[{"href":"https:\/\/antigo.metalurgicafilipin.com.br\/index.php?rest_route=\/wp\/v2\/types\/page"}],"author":[{"embeddable":true,"href":"https:\/\/antigo.metalurgicafilipin.com.br\/index.php?rest_route=\/wp\/v2\/users\/1"}],"replies":[{"embeddable":true,"href":"https:\/\/antigo.metalurgicafilipin.com.br\/index.php?rest_route=%2Fwp%2Fv2%2Fcomments&post=24"}],"version-history":[{"count":5,"href":"https:\/\/antigo.metalurgicafilipin.com.br\/index.php?rest_route=\/wp\/v2\/pages\/24\/revisions"}],"predecessor-version":[{"id":113,"href":"https:\/\/antigo.metalurgicafilipin.com.br\/index.php?rest_route=\/wp\/v2\/pages\/24\/revisions\/113"}],"wp:attachment":[{"href":"https:\/\/antigo.metalurgicafilipin.com.br\/index.php?rest_route=%2Fwp%2Fv2%2Fmedia&parent=24"}],"curies":[{"name":"wp","href":"https:\/\/api.w.org\/{rel}","templated":true}]}}